30.
197
Calculate the remainder when 585680 is divided by 561.
557
What is the remainder when 6065 is divided by 83?
6
What is the remainder when 6044 is divided by 601?
34
What is the remainder when 216996 is divided by 345?
336
Calculate the remainder when 1937087 is divided by 12.
11
What is the remainder when 66 is divided by 54?
12
What is the remainder when 61014 is divided by 372?
6
Calculate the remainder when 2278 is divided by 269.
126
What is the remainder when 2504 is divided by 1149?
206
Calculate the remainder when 123431 is divided by 9.
5
Calculate the remainder when 821933 is divided by 376.
373
What is the remainder when 2946 is divided by 1472?
2
Calculate the remainder when 773 is divided by 429.
344
What is the remainder when 6511 is divided by 1541?
347
Calculate the remainder when 6295 is divided by 175.
170
Calculate the remainder when 49994 is divided by 689.
386
Calculate the remainder when 6839 is divided by 15.
14
Calculate the remainder when 1100445 is divided by 96.
93
What is the remainder when 3735 is divided by 1861?
13
What is the remainder when 6615 is divided by 3193?
229
Calculate the remainder when 178546 is divided by 3719.
34
Calculate the remainder when 1482 is divided by 642.
198
Calculate the remainder when 2157 is divided by 1002.
153
Calculate the remainder when 2747698 is divided by 71.
69
What is the remainder when 33707 is divided by 432?
11
Calculate the remainder when 12043 is divided by 3992.
67
Calculate the remainder when 1512 is divided by 440.
192
What is the remainder when 187688 is divided by 10?
8
What is the remainder when 49401 is divided by 987?
51
What is the remainder when 1954 is divided by 495?
469
Calculate the remainder when 159137 is divided by 378.
377
Calculate the remainder when 4527 is divided by 75.
27
What is the remainder when 796 is divided by 381?
34
Calculate the remainder when 166284 is divided by 33251.
29
What is the remainder when 17160 is divided by 743?
71
Calculate the remainder when 39688 is divided by 46.
36
What is the remainder when 58938 is divided by 19639?
21
Calculate the remainder when 186772 is divided by 31.
28
What is the remainder when 16613 is divided by 4123?
121
What is the remainder when 317178 is divided by 365?
358
Calculate the remainder when 35756 is divided by 9.
8
Calculate the remainder when 4229 is divided by 2854.
1375
Calculate the remainder when 1958 is divided by 101.
39
What is the remainder when 4205 is divided by 7?
5
Calculate the remainder when 18136 is divided by 993.
262
What is the remainder when 903 is divided by 144?
39
Calculate the remainder when 10777 is divided by 488.
41
Calculate the remainder when 5697405 is divided by 96.
93
What is the remainder when 1378 is divided by 21?
13
What is the remainder when 7241 is divided by 453?
446
Calculate the remainder when 6522 is divided by 3225.
72
What is the remainder when 1294 is divided by 641?
12
What is the remainder when 300231 is divided by 42888?
15
Calculate the remainder when 23129 is divided by 803.
645
What is the remainder when 108180 is divided by 108177?
3
Calculate the remainder when 154664 is divided by 34.
32
Calculate the remainder when 7355 is divided by 7245.
110
Calculate the remainder when 429 is divided by 21.
9
Calculate the remainder when 1171 is divided by 51.
49
Calculate the remainder when 132479 is divided by 828.
827
What is the remainder when 4043 is divided by 57?
53
What is the remainder when 8550 is divided by 1187?
241
What is the remainder when 769475 is divided by 6?
5
Calculate the remainder when 62189 is divided by 62186.
3
Calculate the remainder when 41529 is divided by 13.
7
Calculate the remainder when 18077 is divided by 10.
7
What is the remainder when 133067 is divided by 1401?
1373
What is the remainder when 48054 is divided by 30?
24
What is the remainder when 20517 is divided by 6693?
438
What is the remainder when 37054 is divided by 12338?
40
Calculate the remainder when 1005 is divided by 470.
65
Calculate the remainder when 36601 is divided by 12196.
13
Calculate the remainder when 117380 is divided by 35.
25
What is the remainder when 24077 is divided by 8?
5
Calculate the remainder when 15775 is divided by 493.
492
What is the remainder when 62567 is divided by 237?
236
What is the remainder when 11883 is divided by 5934?
15
Calculate the remainder when 549 is divided by 141.
126
What is the remainder when 63207 is divided by 7900?
7
Calculate the remainder when 14183 is divided by 443.
7
Calculate the remainder when 21713 is divided by 115.
93
What is the remainder when 2487 is divided by 796?
99
Calculate the remainder when 4431 is divided by 22.
9
What is the remainder when 4427 is divided by 624?
59
Calculate the remainder when 2588 is divided by 635.
48
What is the remainder when 50682 is divided by 1745?
77
Calculate the remainder when 178251 is divided by 184.
139
What is the remainder when 412840 is divided by 46?
36
What is the remainder when 3153 is divided by 1539?
75
What is the remainder when 171407 is divided by 40?
7
What is the remainder when 4094 is divided by 1360?
14
Calculate the remainder when 6625 is divided by 825.
25
What is the remainder when 142039 is divided by 58?
55
What is the remainder when 4443737 is divided by 140?
137
What is the remainder when 291763 is divided by 291753?
10
What is the remainder when 400 is divided by 116?
52
What is the remainder when 1214158 is divided by 51?
1
What is the remainder when 116389 is divided by 38759?
112
What is the remainder when 4163 is divided by 27?
5
Calculate the remainder when 25432 is divided by 115.
17
Calculate the remainder when 964 is divided by 741.
223
What is the remainder when 2043 is divided by 310?
183
What is the remainder when 36141 is divided by 9?
6
Calculate the remainder when 1927 is divided by 954.
19
Calculate the remainder when 3962748 is divided by 1310.
1308
What is the remainder when 19637 is divided by 344?
29
What is the remainder when 5680310 is divided by 239?
236
What is the remainder when 5079 is divided by 361?
25
Calculate the remainder when 4518 is divided by 290.
168
Calculate the remainder when 223059 is divided by 226.
223
Calculate the remainder when 24069 is divided by 26.
19
Calculate the remainder when 41348 is divided by 25.
23
What is the remainder when 23211 is divided by 1737?
630
Calculate the remainder when 291841 is divided by 12159.
25
Calculate the remainder when 4000 is divided by 154.
150
Calculate the remainder when 6716 is divided by 1104.
92
What is the remainder when 841 is divided by 772?
69
What is the remainder when 2336 is divided by 337?
314
Calculate the remainder when 999172 is divided by 51.
31
Calculate the remainder when 81266 is divided by 108.
50
Calculate the remainder when 60702 is divided by 28.
26
Calculate the remainder when 77634 is divided by 38810.
14
What is the remainder when 688 is divided by 604?
84
Calculate the remainder when 55196 is divided by 15.
11
What is the remainder when 2486 is divided by 2426?
60
What is the remainder when 19928 is divided by 1?
0
What is the remainder when 176265 is divided by 62?
61
Calculate the remainder when 42742 is divided by 491.
25
What is the remainder when 593026 is divided by 586?
580
Calculate the remainder when 384091 is divided by 5334.
43
Calculate the remainder when 52995 is divided by 616.
19
Calculate the remainder when 442 is divided by 414.
28
What is the remainder when 21250 is divided by 161?
159
What is the remainder when 59887 is divided by 525?
37
Calculate the remainder when 1824192 is divided by 93.
90
Calculate the remainder when 973166 is divided by 110.
106
Calculate the remainder when 38795 is divided by 174.
167
Calculate the remainder when 15772 is divided by 1752.
4
Calculate the remainder when 1230 is divided by 16.
14
Calculate the remainder when 39981 is divided by 802.
683
Calculate the remainder when 9011 is divided by 18.
11
Calculate the remainder when 6381 is divided by 2086.
123
What is the remainder when 7885 is divided by 292?
1
Calculate the remainder when 96959 is divided by 2620.
19
What is the remainder when 6349 is divided by 36?
13
What is the remainder when 2449 is divided by 50?
49